ulate the remainder when l is divided by 21.
19
Let b = 102 + -94. What is the remainder when 22 is divided by b?
6
Let k(w) = 4*w**2 - 44*w + 24. What is the remainder when k(11) is divided by 3?
0
Suppose -j + 4*c = -26, -117 = -2*j - 7*c + 2*c. Suppose 2 = 3*s - j. Calculate the remainder when s is divided by 6.
4
What is the remainder when 54 is divided by 3/((-3)/(-1)) - 1*-18?
16
Suppose -2*h + 2*d - 3*d = -20, -3*h + d + 30 = 0. Let k = 14 - -14. What is the remainder when k is divided by h?
8
What is the remainder when 33 is divided by ((-4)/(-14))/((-5)/(-175))?
3
Let r(w) = w**2 + 2*w + 1. Suppose 0 = -6*l + 91 + 5. Calculate the remainder when l is divided by r(-4).
7
Suppose 3*a + 28 = 151. Calculate the remainder when a is divided by 14.
13
Let r(a) = -4*a - 11. Suppose -5*i + m - 54 = 5*m, 55 = -5*i - 5*m. Calculate the remainder when r(i) is divided by 10.
9
What is the remainder when 17 is divided by (4 - 3)*-7*-1?
3
Suppose -145 = -o + 3*g, 5*g - 114 = 2*o - 403. Calculate the remainder when o is divided by 24.
22
Suppose w + c - 4*c = -3, w = 4*c - 5. Suppose 0 = 2*y + 10, 3*x - w = y + 5. Let i(s) = 26*s. Calculate the remainder when i(x) is divided by 14.
12
Let z(p) = -p**3 - 2*p**2 - p - 4. Let i be z(-3). Let v = i - 0. What is the remainder when 13 is divided by v?
5
Let g be 14*3/6 - 2. Suppose 0 = 5*t - g. Suppose -l - 35 = -3*q, t - 2 = -l. Calculate the remainder when 35 is divided by q.
11
Suppose -4 = -0*s - 2*s. Suppose 2*a - s*d = 108, 100 - 242 = -3*a - 2*d. What is the remainder when a is divided by (-18)/(-1) - (-2 - -3)?
16
Suppose 3*p = 5*p - 2, p - 475 = -3*y. What is the remainder when y is divided by 27?
23
Let t(x) = x - 7. Let d be t(9). Suppose -2*s + m - d*m + 163 = 0, 385 = 5*s - 5*m. Let q = s + -44. What is the remainder when q is divided by 19?
17
Suppose -38 = -3*l - 2*j + 18, -5*j = -2*l + 12. Let h = -5 + 14. What is the remainder when l is divided by h?
7
Let l(i) = i**2 - 2 - 4*i + 4*i. Let o(p) = -p + 2. Let k be o(0). What is the remainder when l(k) is divided by 2?
0
What is the remainder when 3*5/30*172 is divided by 2 + 20 - 0/1?
20
Let c = 5 + 0. Suppose 3*r = -5*p + 118, 0 = -3*p - r + 3*r + 67. What is the remainder when p is divided by c?
3
Suppose 19 = -4*k - a, 7*k - a = 3*k - 13. What is the remainder when 43 is divided by 2/((-8)/11)*k?
10
Suppose 3*d - 6 = -0*d. Suppose d = 2*j - 0. Calculate the remainder when j is divided by 1.
0
Suppose 2*i = 19 + 7. Let r(u) = 2*u**3 - 2*u**2. What is the remainder when i is divided by r(2)?
5
Let x = 20 + -10. Let t = -5 + x. What is the remainder when 12 is divided by t?
2
Suppose 3*m - 5*m - 25 = -p, p + 2*m - 17 = 0. Calculate the remainder when p is divided by 12.
9
Let b = 22 - 26. Calculate the remainder when b*-3*3/18 is divided by (-6)/(-8) + 2/8.
0
What is the remainder when -1*8/(-3)*51/2 is divided by 25?
18
Let d(b) = -b + 7. Let y be d(0). Let w(o) = 2*o - 3*o**2 - y + 6*o + o**3 - 4*o**2. Calculate the remainder when 13 is divided by w(6).
3
Let z be (-10 + -26)*2/(-3). Let l = -19 + z. What is the remainder when 18 is divided by l?
3
What is the remainder when 615/21 + (-6)/21 is divided by 16?
13
Let a = 39 + -61. Let i = 53 + a. What is the remainder when i is divided by (-1)/(-1 - 10/(-11))?
9
Let m be (-141)/18 - 2/12. Let k = m + 11. Calculate the remainder when 11 is divided by k.
2
Calculate the remainder when 66/4 - (-4)/(-8) is divided by 10.
6
Suppose 0 = -4*y + 13 - 1. Calculate the remainder when y is divided by 3.
0
Let f(c) = 2*c + 1. Let s(g) = g**2 - 2*g - 7. Let b(w) = -2*w + 2. Let r be b(-2). Calculate the remainder when s(r) is divided by f(4).
8
Suppose 7*i + 5 = 19. What is the remainder when 10 is divided by i?
0
Suppose -3*p + 89 - 31 = -5*d, 3*p = 3*d + 60. Let q(w) = 2*w - 43*w - 2 - 2*w. Calculate the remainder when q(-1) is divided by p.
20
Let b(x) = -x**3 + 3*x**2 + 1. Let f be b(3). Let q = f - -6. Calculate the remainder when (-10)/(6/(-4) - -1) is divided by q.
6
Let a(q) = -q**3 + 6*q**2 + 6*q + 6. What is the remainder when a(6) is divided by 11?
9
Let d be (-269)/(-4) - 6/24. Let i = -40 + d. Calculate the remainder when i is divided by 15.
12
Let n be (-1 - (-6)/10)*5. Let t = -22 + 66. What is the remainder when t is divided by ((-5)/n)/(3/18)?
14
Let y = 213 - 161. What is the remainder when y is divided by 11?
8
Let s(i) = -i**3 + i**2 + i + 2. Let a be -4*(5/(-2))/5. Let q be s(a). Suppose k + q*k = 5. What is the remainder when 13 is divided by k?
3
Let q(o) be the first derivative of -5*o**2 - 6*o + 1. What is the remainder when q(-5) is divided by (-3 - (0 + -20)) + -2?
14
Suppose 5*t = -10, 7*u - 4*t = 2*u + 618. What is the remainder when (0 - -2) + u/2 is divided by 13?
11
Calculate the remainder when 3/(-42)*-482 - 3/7 is divided by 9.
7
Let n(z) = z**2 + 4*z + 5. Suppose -s = 3 - 4. Suppose 0 = i + 4*p + 15 - s, -i - p + 1 = 0. What is the remainder when n(-6) is divided by i?
5
Suppose o - 6 = 13. What is the remainder when 11/(1 + 12/(-15)) is divided by o?
17
Suppose 0 = 3*m - 25 + 7. Let l = m - 4. Let c(r) = r**3 + 4*r**2 - 7*r - 7. Calculate the remainder when c(-5) is divided by l.
1
Calculate the remainder when 14 is divided by (6/10)/(13/65).
2
Suppose 5*h - 43 - 57 = 0. Suppose -3*c = -h + 2. Calculate the remainder when 11 is divided by c.
5
Let c = 41 + -33. Calculate the remainder when 21 is divided by c.
5
Suppose -8*g = -4*g - 124. Calculate the remainder when g is divided by 17.
14
Suppose -4*f + 3*f + 9 = 0. What is the remainder when f is divided by 6?
3
Let u = 4 + -4. Suppose 4*z + 12 = y, -2*z - 2*y = -1 + 7. Let f = u - z. Calculate the remainder when 4 is divided by f.
1
Suppose 3*d - 73 = 5*b - b, -5*d - 2*b + 87 = 0. What is the remainder when 33 is divided by d?
14
Let a = -8 - -11. Let y = -78 - -118. What is the remainder when y is divided by 40/a - (-14)/21?
12
Let z(c) = c**3 - 6*c**2 - 6*c - 3. Let h be z(7). Let f(s) = s - 2. Calculate the remainder when f(4) is divided by 6/18 - h/(-6).
0
Let v = -16 - -24. Suppose 0 = -z + 5*u + 61 + 42, 0 = 2*z + 2*u - 146. Suppose z = 5*x + 3. What is the remainder when x is divided by v?
7
What is the remainder when 163 is divided by 808/24 - 2/3?
31
Let v(a) = -a**2 - 5*a + 13. Let b be v(-6). Let f(c) = 2*c**2 - 6*c + 7. Let s be f(5). Let j = s + b. What is the remainder when j is divided by 12?
10
Let h be (0 + 3)*(-5)/5. Let x be (-5 + 2)/(h/5). Let v(n) = -n**2 + 6*n + 6. Calculate the remainder when 20 is divided by v(x).
9
Suppose 5*z - 2*b - 124 = 19, 55 = 2*z - 3*b. Calculate the remainder when z is divided by 10.
9
Suppose 0 = 4*x - 5*o + o - 92, 2*x + 3*o = 21. What is the remainder when 124 is divided by x?
16
Let x(w) = -3*w + 32. What is the remainder when x(-9) is divided by 21?
17
Let g(c) = -c**3 - 5*c**2 + 2*c - 6. Let b be g(-5). Calculate the remainder when (-153)/(-2) - 8/b is divided by 20.
17
Suppose -1 = -2*w + 5*h - 18, -3*w - 2*h - 16 = 0. Let n = -147 - -154. What is the remainder when (20/w)/(2/(-12)) is divided by n?
6
Let q be -7 - (2 - (-2 - -5)). What is the remainder when -51*-1*(-2)/q is divided by 6?
5
Suppose 0 = 5*g - m - 141 + 53, 0 = -3*g + 3*m + 60. What is the remainder when 99 is divided by g?
14
Let z(j) = -j**2 + 9*j + 2. Let a be (-1)/2 - 22/(-4). Suppose 18 = l + a*o, -l - 3*o = -3*l + 10. What is the remainder when z(l) is divided by 6?
4
Suppose 3*w - 3 = -0*w, -x = -3*w - 27. Suppose -3*s + 4*h + 63 = 0, -h = -4*s - 4*h + 84. Let m = s + -5. What is the remainder when x is divided by m?
14
Let i be ((-25)/3)/(-5)*3. Suppose -k = -0*z - 2*z + 88, -3*z = -i*k - 440. Let a = 132 + k. What is the remainder when a is divided by 15?
14
Let n = -3 - -7. Suppose 13 + 227 = n*o + 5*s, 0 = 5*o + 4*s - 300. Suppose -5*b + o = -0*b. What is the remainder when 34 is divided by b?
10
Suppose -k = -0*k. Suppose k = 3*b - 4*b + 62. Suppose l + 2*w - b = -l, 0 = -4*l + 2*w + 112. What is the remainder when l is divided by 10?
9
Let n(r) = -r**3 + 24*r**2 - 44*r + 13. What is the remainder when 35 is divided by n(22)?
9
Suppose -2*z + 12 = 2, 3*f - 2*z = 2. What is the remainder when 11 is divided by f?
3
Let s(b) = 8*b**3 + 2*b**2 + b - 2. Let c(a) = 2*a + 1. Calculate 